{"id":1167,"date":"2011-04-05T06:59:42","date_gmt":"2011-04-05T06:59:42","guid":{"rendered":"http:\/\/www.gace.fr\/?page_id=1167"},"modified":"2022-04-29T13:03:25","modified_gmt":"2022-04-29T13:03:25","slug":"camping-le-pressoir","status":"publish","type":"page","link":"https:\/\/www.gace.fr\/?page_id=1167","title":{"rendered":"Tourisme"},"content":{"rendered":"<h3 style=\"text-align: center;\"><strong><span style=\"color: #008000;\">CAMPING MUNICIPAL ** LE PRESSOIR <\/span><\/strong><\/h3>\n<h3 style=\"text-align: center;\"><span style=\"font-size: 14pt;\"><strong><span style=\"color: #008000;\">Route de Cisai, 61230 GACE<\/span><\/strong><\/span><\/h3>\n<h4 style=\"text-align: center;\"><\/h4>\n<blockquote><p>&nbsp;<\/p><\/blockquote>\n<p><a href=\"https:\/\/www.gace.fr\/wp-content\/uploads\/Camping-1.gif\"><img loading=\"lazy\" decoding=\"async\" class=\"alignleft wp-image-1168\" title=\"Camping 1\" src=\"https:\/\/www.gace.fr\/wp-content\/uploads\/Camping-1-150x150.gif\" alt=\"\" width=\"241\" height=\"241\" \/><\/a><\/p>\n<p><strong>Les Tarifs par nuit\u00e9e<\/strong><\/p>\n<p style=\"text-align: left;\"><span style=\"font-size: 14pt;\"><strong>BASSE SAISON DU 1\/10 AU 30\/05<\/strong><\/span><\/p>\n<p><strong>Forfait minimum de 13\u20ac, <\/strong><\/p>\n<p>comprenant tarif 2 adultes + emplacement + branchement \u00e9lectrique et wifi.<\/p>\n<p>&nbsp;<\/p>\n<p>&nbsp;<\/p>\n<p>Suppl\u00e9ment :<\/p>\n<p>Enfants &#8211; 12 ans : 2.00 \u20ac<\/p>\n<p>Adultes : 3.00 \u20ac<\/p>\n<p>Durant la basse saison, le bloc sanitaires-douches-plonge ne sera pas accessible.<\/p>\n<p style=\"text-align: center;\"><span style=\"font-size: 14pt;\"><strong>HAUTE SAISON DU 01\/05 AU 30\/09<\/strong><\/span><\/p>\n<p>Forfait minimum de 15 \u20ac<\/p>\n<p><strong>comprenant tar<\/strong>if 2 adultes + emplacement + branchement \u00e9lectrique et wifi.<\/p>\n<p>Suppl\u00e9ment :<\/p>\n<p>Enfants &#8211; 12 ans : 3.00 \u20ac<\/p>\n<p>Adultes : 4.00 \u20ac<\/p>\n<p>&nbsp;<\/p>\n<h4 style=\"text-align: center;\"><strong>Mairie de Gac\u00e9 : 02.33.35.50.24<\/strong><\/h4>\n<h4 style=\"text-align: center;\"><strong><a href=\"mailto:ville.gace@wanadoo.fr\">ville.gace@wanadoo.fr<\/a><\/strong><\/h4>\n<h3 style=\"text-align: center;\">\u00a0\u00a0<strong><span style=\"text-decoration: underline;\"><span style=\"color: #008000;\">Pas de r\u00e9servation n\u00e9cessaire <\/span><\/span><\/strong><\/h3>\n<h3 style=\"text-align: center;\"><strong><span style=\"text-decoration: underline;\"><span style=\"color: #008000;\">(28 emplacements)<\/span><\/span><\/strong><\/h3>\n<p>&nbsp;<\/p>\n<p>&nbsp;<\/p>\n<blockquote><p><a title=\"R\u00e9glement du Camping\" href=\"https:\/\/www.gace.fr\/wp-content\/uploads\/R\u00e9glement-int\u00e9rieur-du-terrain-de-camping-de-Gac\u00e9.pdf\" target=\"_blank\" rel=\"noopener noreferrer\">Cliquez i\u00e7i pour t\u00e9l\u00e9charger le r\u00e9glement du Camping de Gac\u00e9<\/a><\/p><\/blockquote>\n<p><img loading=\"lazy\" decoding=\"async\" class=\"alignleft size-thumbnail wp-image-1171\" title=\"Image4\" src=\"https:\/\/www.gace.fr\/wp-content\/uploads\/Image4-150x150.gif\" alt=\"\" width=\"150\" height=\"150\" \/><img loading=\"lazy\" decoding=\"async\" class=\"alignleft size-thumbnail wp-image-1169\" title=\"Image2\" src=\"https:\/\/www.gace.fr\/wp-content\/uploads\/Image2-150x150.gif\" alt=\"\" width=\"150\" height=\"150\" \/><img loading=\"lazy\" decoding=\"async\" class=\"alignleft size-thumbnail wp-image-1173\" title=\"Image6\" src=\"https:\/\/www.gace.fr\/wp-content\/uploads\/Image6-150x150.gif\" alt=\"\" width=\"150\" height=\"150\" \/><a href=\"https:\/\/www.gace.fr\/wp-content\/uploads\/Image3.gif\"><img loading=\"lazy\" decoding=\"async\" class=\"alignleft size-thumbnail wp-image-1170\" title=\"Image3\" src=\"https:\/\/www.gace.fr\/wp-content\/uploads\/Image3-150x150.gif\" alt=\"\" width=\"150\" height=\"150\" \/><\/a><a href=\"https:\/\/www.gace.fr\/wp-content\/uploads\/Image5.gif\"><img loading=\"lazy\" decoding=\"async\" class=\"alignleft size-thumbnail wp-image-1172\" title=\"Image5\" src=\"https:\/\/www.gace.fr\/wp-content\/uploads\/Image5-150x150.gif\" alt=\"\" width=\"150\" height=\"150\" \/><\/a><\/p>\n","protected":false},"excerpt":{"rendered":"<p>CAMPING MUNICIPAL ** LE PRESSOIR Route de Cisai, 61230 GACE &nbsp; Les Tarifs par nuit\u00e9e BASSE SAISON DU 1\/10 AU 30\/05 Forfait minimum de 13\u20ac, comprenant tarif 2 adultes + emplacement + branchement \u00e9lectrique et wifi. &nbsp; &nbsp; Suppl\u00e9ment : Enfants &#8211; 12 ans : 2.00 \u20ac Adultes : 3.00 \u20ac Durant la basse saison, &hellip; <\/p>\n<p><a class=\"more-link btn\" href=\"https:\/\/www.gace.fr\/?page_id=1167\">Lire la suite<\/a><\/p>\n","protected":false},"author":10,"featured_media":0,"parent":0,"menu_order":80,"comment_status":"closed","ping_status":"closed","template":"template-onecolumn.php","meta":{"footnotes":""},"class_list":["post-1167","page","type-page","status-publish","hentry","nodate","item-wrap"],"_links":{"self":[{"href":"https:\/\/www.gace.fr\/index.php?rest_route=\/wp\/v2\/pages\/1167","targetHints":{"allow":["GET"]}}],"collection":[{"href":"https:\/\/www.gace.fr\/index.php?rest_route=\/wp\/v2\/pages"}],"about":[{"href":"https:\/\/www.gace.fr\/index.php?rest_route=\/wp\/v2\/types\/page"}],"author":[{"embeddable":true,"href":"https:\/\/www.gace.fr\/index.php?rest_route=\/wp\/v2\/users\/10"}],"replies":[{"embeddable":true,"href":"https:\/\/www.gace.fr\/index.php?rest_route=%2Fwp%2Fv2%2Fcomments&post=1167"}],"version-history":[{"count":31,"href":"https:\/\/www.gace.fr\/index.php?rest_route=\/wp\/v2\/pages\/1167\/revisions"}],"predecessor-version":[{"id":1181,"href":"https:\/\/www.gace.fr\/index.php?rest_route=\/wp\/v2\/pages\/1167\/revisions\/1181"}],"wp:attachment":[{"href":"https:\/\/www.gace.fr\/index.php?rest_route=%2Fwp%2Fv2%2Fmedia&parent=1167"}],"curies":[{"name":"wp","href":"https:\/\/api.w.org\/{rel}","templated":true}]}}