{"id":1432,"date":"2011-06-21T07:50:18","date_gmt":"2011-06-21T07:50:18","guid":{"rendered":"http:\/\/www.gace.fr\/?page_id=1432"},"modified":"2026-04-21T12:08:34","modified_gmt":"2026-04-21T12:08:34","slug":"hebergement-et-restauration","status":"publish","type":"page","link":"https:\/\/www.gace.fr\/?page_id=1432","title":{"rendered":"H\u00e9bergement et Restauration"},"content":{"rendered":"<div>\n<div style=\"text-align: center;\"><strong><span style=\"color: #000080;\">HEBERGEMENT ET RESTAURATION<\/span><\/strong><\/div>\n<\/div>\n<div>\n<div>\n<div class=\"entry-content clearfix\">\n<h3 style=\"text-align: center;\"><span style=\"color: #800080;\"><strong>CAMPING MUNICIPAL ** LE PRESSOIR<\/strong><\/span><\/h3>\n<h3 style=\"text-align: center;\"><span style=\"color: #ff0000;\">\u00a0\u00a0<strong>Pas de r\u00e9servation\u00a0<\/strong><\/span><\/h3>\n<div style=\"text-align: center;\"><\/div>\n<div style=\"text-align: center;\">Mairie de Gac\u00e9 \u2013 Impasse de Tahiti \u2013 61230 Gac\u00e9\u00a0\u00a0 02.33.35.50.24<\/div>\n<div style=\"text-align: center;\"><a href=\"https:\/\/www.gace.fr\/\"><u><span style=\"color: #0066cc;\">www.gace.fr<\/span><\/u><\/a><\/div>\n<p><a href=\"https:\/\/www.gace.fr\/wp-content\/uploads\/Camping-1.gif\"><img loading=\"lazy\" decoding=\"async\" class=\"size-thumbnail wp-image-1168 aligncenter\" title=\"Camping 1\" src=\"https:\/\/www.gace.fr\/wp-content\/uploads\/Camping-1-150x150.gif\" alt=\"\" width=\"199\" height=\"215\" \/><\/a><b><\/b><\/p>\n<p style=\"text-align: center;\"><span style=\"font-size: 24pt; color: #800080;\"><b>Les Tarifs par nuit\u00e9e<\/b><\/span><\/p>\n<p style=\"text-align: center;\"><span style=\"font-size: 18pt; color: #0000ff;\"><b>BASSE SAISON\u00a0<\/b><\/span><span style=\"font-size: 18pt; color: #0000ff;\"><b>1\/10 au 31\/03<\/b><\/span><\/p>\n<p style=\"text-align: center;\"><b>\u00a0<\/b><b>Forfait minimum 13\u20ac <\/b><\/p>\n<p style=\"text-align: center;\"><b>Comprenant tarif\u00a0<\/b><\/p>\n<p style=\"text-align: center;\"><b>1 emplacement+branchement \u00e9lectrique +wifi<\/b><\/p>\n<p style=\"text-align: center;\"><b>( bloc sanitaire ferm\u00e9)<\/b><\/p>\n<p style=\"text-align: center;\"><span style=\"color: #0000ff; font-size: 18pt;\"><b>HAUTE SAISON\u00a0<\/b><\/span><span style=\"color: #0000ff; font-size: 18pt;\"><b>01\/04 AU 30\/09<\/b><\/span><\/p>\n<p style=\"text-align: center;\"><b>Forfait minimum 15\u20ac <\/b><\/p>\n<p style=\"text-align: center;\"><b>Comprenant tarif<\/b><\/p>\n<p style=\"text-align: center;\"><b>emplacement+branchement \u00e9lectrique +wifi<\/b><\/p>\n<p style=\"text-align: center;\"><b>( bloc sanitaire ouvert)<\/b><\/p>\n<h3 style=\"text-align: center;\"><span style=\"color: #ff0000;\">\u00a0\u00a0<strong>Pas de r\u00e9servation\u00a0<\/strong><\/span><\/h3>\n<p style=\"text-align: center;\"><span style=\"font-size: 18pt;\"><strong>Acc\u00e8s par une barri\u00e8re automatis\u00e9e. <\/strong><\/span><\/p>\n<p style=\"text-align: center;\"><span style=\"font-size: 18pt;\"><strong>Paiement <span style=\"color: #ff0000;\">uniquement<\/span> par carte de cr\u00e9dit \u00e0 la borne<\/strong><\/span><\/p>\n<h3 style=\"text-align: center;\"><strong>(26 emplacements)<\/strong><\/h3>\n<blockquote>\n<p style=\"text-align: center;\"><a title=\"R\u00e9glement du Camping\" href=\"https:\/\/www.gace.fr\/wp-content\/uploads\/R\u00e9glement-int\u00e9rieur-du-terrain-de-camping-de-Gac\u00e9.pdf\" target=\"_blank\" rel=\"noopener noreferrer\">Cliquez i\u00e7i pour t\u00e9l\u00e9charger le r\u00e8glement du Camping de Gac\u00e9<\/a><\/p>\n<\/blockquote>\n<p><img loading=\"lazy\" decoding=\"async\" class=\"alignleft size-thumbnail wp-image-1171\" title=\"Image4\" src=\"https:\/\/www.gace.fr\/wp-content\/uploads\/Image4-150x150.gif\" alt=\"\" width=\"150\" height=\"150\" \/><img loading=\"lazy\" decoding=\"async\" class=\"alignleft size-thumbnail wp-image-1169\" title=\"Image2\" src=\"https:\/\/www.gace.fr\/wp-content\/uploads\/Image2-150x150.gif\" alt=\"\" width=\"150\" height=\"150\" \/><img loading=\"lazy\" decoding=\"async\" class=\"alignleft size-thumbnail wp-image-1173\" title=\"Image6\" src=\"https:\/\/www.gace.fr\/wp-content\/uploads\/Image6-150x150.gif\" alt=\"\" width=\"150\" height=\"150\" \/><a href=\"https:\/\/www.gace.fr\/wp-content\/uploads\/Image3.gif\"><img loading=\"lazy\" decoding=\"async\" class=\"alignleft size-thumbnail wp-image-1170\" title=\"Image3\" src=\"https:\/\/www.gace.fr\/wp-content\/uploads\/Image3-150x150.gif\" alt=\"\" width=\"150\" height=\"150\" \/><\/a><a href=\"https:\/\/www.gace.fr\/wp-content\/uploads\/Image5.gif\"><img loading=\"lazy\" decoding=\"async\" class=\"alignleft size-thumbnail wp-image-1172\" title=\"Image5\" src=\"https:\/\/www.gace.fr\/wp-content\/uploads\/Image5-150x150.gif\" alt=\"\" width=\"150\" height=\"150\" \/><\/a><\/p>\n<\/div>\n<\/div>\n<div>\n<div style=\"text-align: center;\"><\/div>\n<div style=\"text-align: center;\"><\/div>\n<div style=\"text-align: center;\"><\/div>\n<div style=\"text-align: center;\"><span style=\"color: #800080;\"><strong><span style=\"font-size: 18pt;\">Aire de Service pour Camping-cars<\/span><\/strong><\/span><\/div>\n<div style=\"text-align: center;\">Place du Ch\u00e2teau \u2013 61230 Gac\u00e9<\/div>\n<div style=\"text-align: center;\">Mairie\u00a0: 02.33.35.50.24<\/div>\n<div style=\"text-align: center;\"><\/div>\n<div style=\"text-align: center;\"><span style=\"font-size: 18pt; color: #800080;\"><b>H\u00f4tel<\/b><\/span><\/div>\n<div style=\"text-align: center;\"><\/div>\n<\/div>\n<div style=\"text-align: center;\"><strong>H\u00f4tel &#8211; Restaurant \u00ab\u00a0Les champs\u00a0\u00bb<\/strong><\/div>\n<div style=\"text-align: center;\">2 rue du G\u00e9n\u00e9ral Leclerc<\/div>\n<div style=\"text-align: center;\">61230 Gac\u00e9<\/div>\n<div style=\"text-align: center;\">t\u00e9l : 02-33-39-45-08<\/div>\n<div style=\"text-align: center;\">H\u00f4tel ouvert 7 jrs\/7<\/div>\n<div style=\"text-align: center;\">Soir\u00e9es Etapes<\/div>\n<div style=\"text-align: center;\">Restaurant sur r\u00e9servation (groupes)<\/div>\n<div style=\"text-align: center;\">info@hoteldeschampsgace.com<\/div>\n<div>\n<div style=\"text-align: center;\">\n<div>\n<div><\/div>\n<\/div>\n<div>Cliquez ici : <a href=\"http:\/\/www.terrederichesses.fr\/preparer-mon-sejour\"><b>G\u00eetes ruraux<\/b><\/a><\/div>\n<p>&nbsp;<\/p>\n<\/div>\n<\/div>\n<\/div>\n<div><\/div>\n<div><\/div>\n<div>\n<div style=\"text-align: center;\"><\/div>\n<div>\n<table style=\"height: 402px; width: 125%;\" border=\"0\" width=\"646\" cellspacing=\"0\" cellpadding=\"0\">\n<tbody>\n<tr>\n<td style=\"width: 99.8935%; text-align: center;\" colspan=\"6\" width=\"928\"><span style=\"background-color: #ffffff; font-size: 18pt; color: #0000ff;\"><strong>B<\/strong><span style=\"background-color: #ffffff;\"><strong>AR &#8211; BRASSERIE &#8211; RESTAURANT &#8211; HOTEL &#8211; CHAMBRE D&rsquo;H\u00d4TES<\/strong><\/span><\/span><\/td>\n<\/tr>\n<tr>\n<td style=\"width: 14.377%; text-align: center;\" width=\"150\"><span style=\"font-size: 14pt;\"><strong>Raison sociale<\/strong><\/span><\/td>\n<td style=\"width: 24.2811%; text-align: center;\" width=\"178\"><span style=\"font-size: 14pt;\"><strong>T\u00e9l\u00e9phone \/ Mail<\/strong><\/span><\/td>\n<td style=\"width: 21.6188%; text-align: center;\" width=\"150\"><span style=\"font-size: 14pt;\"><strong>Enseigne<\/strong><\/span><\/td>\n<td style=\"width: 11.6081%; text-align: center;\" width=\"150\"><span style=\"font-size: 14pt;\"><strong>Voie<\/strong><\/span><\/td>\n<td style=\"width: 14.377%; text-align: center;\" width=\"150\"><span style=\"font-size: 14pt;\"><strong>Activite principale \u00e9tablissement<\/strong><\/span><\/td>\n<td style=\"width: 13.6315%; text-align: center;\" width=\"150\"><span style=\"font-size: 14pt;\"><strong>Nom complet<\/strong><\/span><\/td>\n<\/tr>\n<tr>\n<td style=\"width: 14.377%;\" width=\"150\">LES CHAMPS<\/td>\n<td style=\"width: 24.2811%;\" width=\"178\">02 33 39 78 03\u00a0\u00a0\u00a0\u00a0\u00a0\u00a0\u00a0\u00a0\u00a0\u00a0\u00a0\u00a0\u00a0\u00a0\u00a0\u00a0\u00a0\u00a0\u00a0\u00a0\u00a0\u00a0\u00a0\u00a0\u00a0\u00a0\u00a0\u00a0\u00a0\u00a0\u00a0\u00a0\u00a0\u00a0\u00a0\u00a0\u00a0\u00a0\u00a0\u00a0\u00a0\u00a0\u00a0\u00a0\u00a0\u00a0\u00a0\u00a0\u00a0\u00a0\u00a0\u00a0\u00a0\u00a0 roselyne-parmentier@wanadoo.fr<\/td>\n<td style=\"width: 21.6188%;\" width=\"150\"><strong>HOTEL-RESTAURANT LES CHAMPS<\/strong><\/td>\n<td style=\"width: 11.6081%;\" width=\"150\">ROUTE D ALENCON<\/td>\n<td style=\"width: 14.377%;\" width=\"150\">ACTIVITE HOTELIERE RESTAURATION SERVICE TRAITEUR RECEPTIONS<\/td>\n<td style=\"width: 13.6315%;\" width=\"150\">\u00a0Mme Roselyne PARMENTIER<\/td>\n<\/tr>\n<tr>\n<td style=\"width: 14.377%;\" width=\"150\">MR SCHNEIDER RODOLPHE<\/td>\n<td style=\"width: 24.2811%;\" width=\"178\">02 33 36 18 91\u00a0\u00a0\u00a0\u00a0\u00a0\u00a0 aurelie.schneider004@orange.fr<\/td>\n<td style=\"width: 21.6188%;\" width=\"150\"><strong>L&rsquo;ANTRE-METS<\/strong><\/td>\n<td style=\"width: 11.6081%;\" width=\"150\">PLACE DE LA LIBERATION<\/td>\n<td style=\"width: 14.377%;\" width=\"150\">RESTAURANT BAR BRASSERIE<\/td>\n<td style=\"width: 13.6315%;\" width=\"150\">M. SCHNEIDER RODOLPHE<\/td>\n<\/tr>\n<tr>\n<td style=\"width: 14.377%;\" width=\"150\">VH RESTAURATION<\/td>\n<td style=\"width: 24.2811%;\" width=\"178\">02 33 67 62 10\u00a0\u00a0\u00a0\u00a0\u00a0\u00a0\u00a0\u00a0\u00a0\u00a0\u00a0\u00a0\u00a0\u00a0\u00a0\u00a0\u00a0\u00a0\u00a0\u00a0\u00a0\u00a0\u00a0\u00a0\u00a0\u00a0\u00a0\u00a0\u00a0\u00a0\u00a0\u00a0\u00a0\u00a0\u00a0\u00a0\u00a0 brasserie.gace@gmail.com<\/td>\n<td style=\"width: 21.6188%;\" width=\"150\"><strong>BRASSERIE DU CENTRE<\/strong><\/td>\n<td style=\"width: 11.6081%;\" width=\"150\">PLACE DE LA LIBERATION<\/td>\n<td style=\"width: 14.377%;\" width=\"150\">CAFE BAR RESTAURANT<\/td>\n<td style=\"width: 13.6315%;\" width=\"150\">Mr et Mme ROUILLARD<\/td>\n<\/tr>\n<tr>\n<td style=\"width: 14.377%;\" width=\"150\"><\/td>\n<td style=\"width: 24.2811%;\" width=\"178\">02 33 35 82 53<\/td>\n<td style=\"width: 21.6188%;\" width=\"150\"><strong>LE BISTROT NORMAND<\/strong><\/td>\n<td style=\"width: 11.6081%;\" width=\"150\">53 GRANDE RUE<\/td>\n<td style=\"width: 14.377%;\" width=\"150\">RESTAURANT BAR<\/td>\n<td style=\"width: 13.6315%;\" width=\"150\">Mr et Mme FONTAINE<\/td>\n<\/tr>\n<tr>\n<td style=\"width: 14.377%;\" width=\"150\"><\/td>\n<td style=\"width: 24.2811%;\" width=\"178\"><\/td>\n<td style=\"width: 21.6188%;\" width=\"150\"><\/td>\n<td style=\"width: 11.6081%;\" width=\"150\"><\/td>\n<td style=\"width: 14.377%;\" width=\"150\"><\/td>\n<td style=\"width: 13.6315%;\" width=\"150\"><\/td>\n<\/tr>\n<tr>\n<td style=\"width: 14.377%;\" width=\"150\">LE CADRE NOIR<\/td>\n<td style=\"width: 24.2811%;\" width=\"178\">02 33 35 60 85<\/td>\n<td style=\"width: 21.6188%;\" width=\"150\"><strong>LE CADRE NOIR<\/strong><\/td>\n<td style=\"width: 11.6081%;\" width=\"150\">GRANDE RUE<\/td>\n<td style=\"width: 14.377%;\" width=\"150\">BAR PMU<\/td>\n<td style=\"width: 13.6315%;\" width=\"150\">Mme Fran\u00e7oise HIRON<\/td>\n<\/tr>\n<tr>\n<td style=\"width: 14.377%;\" width=\"150\">LE 23<\/td>\n<td style=\"width: 24.2811%;\" width=\"178\">02-33-67-14-28<br \/>\nle23granderue@gmail.com<\/td>\n<td style=\"width: 21.6188%;\" width=\"150\"><strong>LE 23<\/strong><\/td>\n<td style=\"width: 11.6081%;\" width=\"150\">23 GRANDE RUE<\/td>\n<td style=\"width: 14.377%;\" width=\"150\">RESTAURANT<\/td>\n<td style=\"width: 13.6315%;\" width=\"150\">Mr Jo\u00ebl PUECHAVY<\/td>\n<\/tr>\n<tr>\n<td style=\"width: 14.377%;\" width=\"150\">CAFE DE LA PAIX<\/td>\n<td style=\"width: 24.2811%;\" width=\"178\">02 33 35 52 14\u00a0\u00a0\u00a0\u00a0\u00a0\u00a0\u00a0\u00a0\u00a0\u00a0\u00a0\u00a0\u00a0\u00a0\u00a0\u00a0\u00a0\u00a0\u00a0\u00a0\u00a0\u00a0\u00a0\u00a0\u00a0\u00a0\u00a0\u00a0\u00a0 cafedelapaix.61@orange.fr<\/td>\n<td style=\"width: 21.6188%;\" width=\"150\"><strong>CAFE DE LA PAIX<\/strong><\/td>\n<td style=\"width: 11.6081%;\" width=\"150\">3 GRANDE RUE<\/td>\n<td style=\"width: 14.377%;\" width=\"150\">CAFE RESTAURANT DEBIT DE TABACS LOTERIE ET JEUX EN GENERAL<\/td>\n<td style=\"width: 13.6315%;\" width=\"150\">M. Pascal SEYS<\/td>\n<\/tr>\n<tr>\n<td style=\"width: 14.377%;\" width=\"150\">LE PAPARAZZI<\/td>\n<td style=\"width: 24.2811%;\" width=\"178\">09 80 57 72 98<\/td>\n<td style=\"width: 21.6188%;\" width=\"150\"><strong>LE PAPARAZZI<\/strong><\/td>\n<td style=\"width: 11.6081%;\" width=\"150\">25 GRANDE RUE<\/td>\n<td style=\"width: 14.377%;\" width=\"150\">RESTAURATION RAPIDE SUR PLACE \/ A EMPORTER<\/td>\n<td style=\"width: 13.6315%;\" width=\"150\">Mr TUKKOT<\/td>\n<\/tr>\n<tr>\n<td style=\"width: 14.377%;\" width=\"150\">LA TABL\u00c9E DE LA CHARENTONNES<\/td>\n<td style=\"width: 24.2811%;\" width=\"178\">02-79-65-34-61<\/td>\n<td style=\"width: 21.6188%;\" width=\"150\">LA TABL\u00c9E DE LA CHARENTONNES<\/td>\n<td style=\"width: 11.6081%;\" width=\"150\">RUE DE LA TOUQUES<\/td>\n<td style=\"width: 14.377%;\" width=\"150\">RESTAURATION SUR PLACE AU CHOIX<\/td>\n<td style=\"width: 13.6315%;\" width=\"150\">LES ELEVEURS DE LA CHARENTONNES<\/td>\n<\/tr>\n<tr>\n<td style=\"width: 14.377%;\">GANG OF PIZZA<\/td>\n<td style=\"width: 24.2811%;\">gangofpizza.com<\/td>\n<td style=\"width: 21.6188%;\"><strong>GANG OF PIZZA<\/strong><\/td>\n<td style=\"width: 11.6081%;\" width=\"150\">183 RUE DU GENERAL LECLERC<\/td>\n<td style=\"width: 14.377%;\" width=\"150\">DISTRIBUTEUR DE PIZZA<\/td>\n<td style=\"width: 13.6315%;\"><\/td>\n<\/tr>\n<tr>\n<td style=\"width: 14.377%;\" width=\"150\">BOUCHERIE DE LA SOURCE<\/td>\n<td style=\"width: 24.2811%;\" width=\"178\">02-33-16-50-26<br \/>\nchefmeyerip@gmail.com<\/td>\n<td style=\"width: 21.6188%;\" width=\"150\"><strong>THONG PHAN CHANG<\/strong><\/td>\n<td style=\"width: 11.6081%;\" width=\"150\">Grande rue<\/td>\n<td style=\"width: 14.377%;\" width=\"150\">Traiteur Tha\u00eflandais et traditionnel<\/td>\n<td style=\"width: 13.6315%;\" width=\"150\">Jean-Paul MEYER<\/td>\n<\/tr>\n<tr>\n<td style=\"width: 99.8935%; text-align: center;\" colspan=\"6\" width=\"928\"><span style=\"font-size: 18pt; color: #0000ff;\"><strong>BOULANGERIE-CONFISSERIE<\/strong><\/span><\/td>\n<\/tr>\n<tr>\n<td style=\"width: 14.377%;\" width=\"150\">Raison sociale<\/td>\n<td style=\"width: 24.2811%;\" width=\"178\">T\u00e9l\u00e9phone \/\u00a0 Mail<\/td>\n<td style=\"width: 21.6188%;\" width=\"150\"><strong>Enseigne<\/strong><\/td>\n<td style=\"width: 11.6081%;\" width=\"150\">Voie<\/td>\n<td style=\"width: 14.377%;\" width=\"150\">Activite principale \u00e9tablissement<\/td>\n<td style=\"width: 13.6315%;\" width=\"150\">Nom complet<\/td>\n<\/tr>\n<tr>\n<td style=\"width: 14.377%;\" width=\"150\"><\/td>\n<td style=\"width: 24.2811%;\" width=\"178\">02 33 12 70 88<br \/>\nboulangerieghrab@gmail.com<\/td>\n<td style=\"width: 21.6188%;\" width=\"150\"><strong>GENIGAM<\/strong><\/td>\n<td style=\"width: 11.6081%;\" width=\"150\">GRANDE RUE<\/td>\n<td style=\"width: 14.377%;\" width=\"150\">BOULANGERIE PATISSERIE CONFISERIE VENTE DE GLACES<\/td>\n<td style=\"width: 13.6315%;\" width=\"150\">M.GENIGAM<\/td>\n<\/tr>\n<tr>\n<td style=\"width: 14.377%;\" width=\"150\">MME THUAL CATHERINE<\/td>\n<td style=\"width: 24.2811%;\" width=\"178\">02 33 35 63 65\u00a0\u00a0\u00a0\u00a0\u00a0\u00a0\u00a0\u00a0\u00a0\u00a0\u00a0\u00a0\u00a0\u00a0\u00a0\u00a0\u00a0\u00a0\u00a0\u00a0\u00a0\u00a0\u00a0 latatindor@hotmail.com<\/td>\n<td style=\"width: 21.6188%;\" width=\"150\"><strong>La Tatin d&rsquo;Or<\/strong><\/td>\n<td style=\"width: 11.6081%;\" width=\"150\">49 RUE DE LISIEUX<\/td>\n<td style=\"width: 14.377%;\" width=\"150\">BOULANGERIE PATISSERIE CONFISERIE<\/td>\n<td style=\"width: 13.6315%;\" width=\"150\">Mme Catherine THUAL<\/td>\n<\/tr>\n<tr>\n<td style=\"width: 14.377%;\" width=\"150\"><\/td>\n<td style=\"width: 24.2811%;\" width=\"178\"><\/td>\n<td style=\"width: 21.6188%;\"><\/td>\n<td style=\"width: 11.6081%;\" width=\"150\"><\/td>\n<td style=\"width: 14.377%;\" width=\"150\"><\/td>\n<td style=\"width: 13.6315%;\" width=\"150\"><\/td>\n<\/tr>\n<\/tbody>\n<\/table>\n<\/div>\n<\/div>\n<div>\n<div class=\"entry-content clearfix\"><\/div>\n<\/div>\n<div>\n<div style=\"text-align: center;\">\n<p>&nbsp;<\/p>\n<p>&nbsp;<\/p>\n<div><\/div>\n<\/div>\n<div style=\"text-align: center;\"><\/div>\n<\/div>\n","protected":false},"excerpt":{"rendered":"<p>HEBERGEMENT ET RESTAURATION CAMPING MUNICIPAL ** LE PRESSOIR \u00a0\u00a0Pas de r\u00e9servation\u00a0 Mairie de Gac\u00e9 \u2013 Impasse de Tahiti \u2013 61230 Gac\u00e9\u00a0\u00a0 02.33.35.50.24 www.gace.fr Les Tarifs par nuit\u00e9e BASSE SAISON\u00a01\/10 au 31\/03 \u00a0Forfait minimum 13\u20ac Comprenant tarif\u00a0 1 emplacement+branchement \u00e9lectrique +wifi ( bloc sanitaire ferm\u00e9) HAUTE SAISON\u00a001\/04 AU 30\/09 Forfait minimum 15\u20ac Comprenant tarif emplacement+branchement \u00e9lectrique &hellip; <\/p>\n<p><a class=\"more-link btn\" href=\"https:\/\/www.gace.fr\/?page_id=1432\">Lire la suite<\/a><\/p>\n","protected":false},"author":10,"featured_media":0,"parent":1167,"menu_order":1,"comment_status":"closed","ping_status":"closed","template":"template-onecolumn.php","meta":{"footnotes":""},"class_list":["post-1432","page","type-page","status-publish","hentry","nodate","item-wrap"],"_links":{"self":[{"href":"https:\/\/www.gace.fr\/index.php?rest_route=\/wp\/v2\/pages\/1432","targetHints":{"allow":["GET"]}}],"collection":[{"href":"https:\/\/www.gace.fr\/index.php?rest_route=\/wp\/v2\/pages"}],"about":[{"href":"https:\/\/www.gace.fr\/index.php?rest_route=\/wp\/v2\/types\/page"}],"author":[{"embeddable":true,"href":"https:\/\/www.gace.fr\/index.php?rest_route=\/wp\/v2\/users\/10"}],"replies":[{"embeddable":true,"href":"https:\/\/www.gace.fr\/index.php?rest_route=%2Fwp%2Fv2%2Fcomments&post=1432"}],"version-history":[{"count":39,"href":"https:\/\/www.gace.fr\/index.php?rest_route=\/wp\/v2\/pages\/1432\/revisions"}],"predecessor-version":[{"id":11279,"href":"https:\/\/www.gace.fr\/index.php?rest_route=\/wp\/v2\/pages\/1432\/revisions\/11279"}],"up":[{"embeddable":true,"href":"https:\/\/www.gace.fr\/index.php?rest_route=\/wp\/v2\/pages\/1167"}],"wp:attachment":[{"href":"https:\/\/www.gace.fr\/index.php?rest_route=%2Fwp%2Fv2%2Fmedia&parent=1432"}],"curies":[{"name":"wp","href":"https:\/\/api.w.org\/{rel}","templated":true}]}}