{"id":1480,"date":"2011-06-21T09:33:23","date_gmt":"2011-06-21T09:33:23","guid":{"rendered":"http:\/\/www.gace.fr\/?page_id=1480"},"modified":"2026-02-24T08:30:09","modified_gmt":"2026-02-24T08:30:09","slug":"arretes","status":"publish","type":"page","link":"https:\/\/www.gace.fr\/?page_id=1480","title":{"rendered":"Arr\u00eat\u00e9s"},"content":{"rendered":"<h1 style=\"text-align: center;\"><span style=\"font-size: 14pt;\">Arr\u00eat\u00e9\u00a0 N\u00b0 2340-26-00006<\/span><\/h1>\n<p style=\"text-align: center;\">modifiant l&rsquo;arr\u00eat\u00e9 n\u00b02350-50-01025 modifi\u00e9 relatif \u00e0 l&rsquo;exercice de la chasse dans le d\u00e9partement de l&rsquo;Orne pour la campagne cyn\u00e9g\u00e9tique 2025\/2026<\/p>\n<h1 style=\"text-align: center;\"><span style=\"font-size: 12pt;\"><a href=\"https:\/\/www.gace.fr\/wp-content\/uploads\/2340-26-00006_AP_modif-ouverture_fermeture.pdf\"><span style=\"color: #0000ff;\">Arr\u00eat\u00e9 n\u00b02340-26-00006_AP_modif-ouverture_fermeture<\/span><\/a><\/span><\/h1>\n<p>&nbsp;<\/p>\n<h1 style=\"text-align: center;\"><span style=\"font-size: 14pt;\">Arr\u00eat\u00e9 s\u00e9cheresse du 4 septembre 2025 N\u00b0 2350-25-00069<\/span><\/h1>\n<h1 style=\"text-align: center;\"><span style=\"font-size: 12pt; color: #0000ff;\"><a style=\"color: #0000ff;\" href=\"https:\/\/www.gace.fr\/wp-content\/uploads\/Arrete-1-1.pdf\">Arrete (partie 1) n\u00b0 2350-25-00069<\/a><\/span><\/h1>\n<h1 style=\"text-align: center;\"><span style=\"font-size: 12pt; color: #0000ff;\"><a style=\"color: #0000ff; outline: 0px;\" href=\"https:\/\/www.gace.fr\/wp-content\/uploads\/aarrete-2.pdf\">arrete 2<\/a> (partie 2) n\u00b02350-25-00069<\/span><\/h1>\n<h1 style=\"text-align: center;\"><span style=\"font-size: 14pt;\">Arr\u00eat\u00e9 s\u00e9cheresse du 19 ao\u00fbt 2025N\u00b0 2350-25-00066<\/span><\/h1>\n<h1 style=\"text-align: center;\"><span style=\"font-size: 18pt;\"><img decoding=\"async\" src=\"https:\/\/www.gace.fr\/wp-content\/uploads\/Vigilance-2023.jpg\" \/><\/span><\/h1>\n<h1 style=\"text-align: center;\"><span style=\"font-size: 12pt;\"><a href=\"https:\/\/www.gace.fr\/wp-content\/uploads\/20250819_AP61_secheresse.pdf\">Arr\u00eat\u00e9 N\u00b02350-25-00066<\/a><\/span><\/h1>\n<h1 style=\"text-align: center;\"><span style=\"font-size: 18pt;\">Arr\u00eat\u00e9 s\u00e9cheresse du 13 ao\u00fbt 2025 <span style=\"color: #ff0000;\">ABROG\u00c9<\/span><\/span><\/h1>\n<p style=\"text-align: center;\"><strong><img loading=\"lazy\" decoding=\"async\" class=\"aligncenter size-full wp-image-10826\" src=\"https:\/\/www.gace.fr\/wp-content\/uploads\/Vigilance-2023.jpg\" alt=\"\" width=\"150\" height=\"212\" \/> <a href=\"https:\/\/www.gace.fr\/wp-content\/uploads\/Arrete-1.pdf\">Arr\u00eat\u00e9 N\u00b0 2350-25-00059 partie 1<\/a><br \/>\n<\/strong><\/p>\n<p style=\"text-align: center;\"><strong><a href=\"https:\/\/www.gace.fr\/wp-content\/uploads\/arrete-2.pdf\">Arr\u00eat\u00e9 N\u00b0 2350-25-00059 partie 2<\/a><\/strong><\/p>\n<h1 style=\"font-family: Lato, sans-serif; color: #4a474b; text-align: center;\"><span style=\"font-size: 18pt;\">Arr\u00eat\u00e9s pr\u00e9fectoraux relatifs \u00e0 la campagne cyn\u00e9g\u00e9tique 2025\/2026<\/span><\/h1>\n<h1 style=\"text-align: center;\"><strong><a href=\"https:\/\/www.gace.fr\/wp-content\/uploads\/05242025_AP_ESOD.pdf\"><span style=\"font-size: 12pt;\">05242025_AP_ESOD<\/span><\/a><\/strong><\/h1>\n<p style=\"text-align: center;\"><strong><a href=\"https:\/\/www.gace.fr\/wp-content\/uploads\/05242025_AP_loutre.pdf\">05242025_AP_loutre<\/a><\/strong><\/p>\n<p style=\"text-align: center;\"><strong><a href=\"https:\/\/www.gace.fr\/wp-content\/uploads\/05242025_AP_mini-maxi.pdf\">05242025_AP_mini maxi<\/a><\/strong><\/p>\n<p style=\"text-align: center;\"><strong><a href=\"https:\/\/www.gace.fr\/wp-content\/uploads\/05242025_AP_modalies-becasse-des-bois-1.pdf\">05242025_AP_modalies becasse des bois (1)<\/a><\/strong><\/p>\n<p style=\"text-align: center;\"><strong><a href=\"https:\/\/www.gace.fr\/wp-content\/uploads\/05242025_AP_modalites-execution-plan-chasse-grand-gibier.pdf\">05242025_AP_modalites execution plan chasse grand gibier<\/a><\/strong><\/p>\n<p style=\"text-align: center;\"><strong><a href=\"https:\/\/www.gace.fr\/wp-content\/uploads\/05242025_AP_ouverture-fermeture.pdf\">05242025_AP_ouverture fermeture<\/a><\/strong><\/p>\n<p style=\"text-align: center;\"><strong><a href=\"https:\/\/www.gace.fr\/wp-content\/uploads\/05242025_AP_ragondin.pdf\">05242025_AP_ragondin<\/a><\/strong><\/p>\n<p>&nbsp;<\/p>\n<h1 style=\"text-align: center;\"><span style=\"font-size: 18pt;\">ARR\u00caT\u00c9 ENTRETIEN DES COURS D&rsquo;EAU<\/span><\/h1>\n<h1 style=\"text-align: center;\"><span style=\"font-size: 18pt;\">NON DOMANIAUX<\/span><\/h1>\n<p style=\"text-align: center;\">Les propri\u00e9taires riverains d&rsquo;un cours d&rsquo;eau sont tenus \u00e0 son entretien r\u00e9gulier dans le but de le maintenir dans son profil d&rsquo;\u00e9quilibre, de permettre l&rsquo;\u00e9coulement naturel des eaux et de contribuer \u00e0 son bon \u00e9tat \u00e9cologique ou, le cas \u00e9ch\u00e9ant, \u00e0 son bon potentiel \u00e9cologique notamment par enl\u00e8vement des emb\u00e2cles, d\u00e9bris et atterrissement, flottants ou non, par \u00e9lagage ou rec\u00e9page de la v\u00e9g\u00e9tation des rives. Les produits de nettoyage ne doivent pas \u00eatre abandonn\u00e9s dans les cours d&rsquo;eau ; ils seront, dans le respect des r\u00e9glementations locales, d\u00e9truits, transport\u00e9s en d\u00e9chetterie ou d\u00e9pos\u00e9s, au fur et \u00e0 mesure des travaux, hors des limites des crues afin que les eaux ne puissent les entra\u00eener.<\/p>\n<p style=\"text-align: center;\">Les travaux d&rsquo;\u00e9lagage ou rec\u00e9page de la ripisylve\u00a0 sans aucune intervention dans le lit mineur des cours d&rsquo;au peuvent \u00eatre entrepris toute l&rsquo;ann\u00e9e en coh\u00e9rence avec le cycle biologique de la v\u00e9g\u00e9tation et des p\u00e9riodes de nidification des oiseaux.<\/p>\n<h1 style=\"text-align: center;\">ARR\u00caT\u00c9 N\u00b0 2011\/R02<\/h1>\n<p style=\"text-align: center;\"><a href=\"https:\/\/www.gace.fr\/wp-content\/uploads\/arrete1.gif\"><img loading=\"lazy\" decoding=\"async\" class=\"aligncenter size-full wp-image-1729\" title=\"arrete\" src=\"https:\/\/www.gace.fr\/wp-content\/uploads\/arrete1.gif\" alt=\"\" width=\"706\" height=\"1000\" srcset=\"https:\/\/www.gace.fr\/wp-content\/uploads\/arrete1.gif 706w, https:\/\/www.gace.fr\/wp-content\/uploads\/arrete1-211x300.gif 211w, https:\/\/www.gace.fr\/wp-content\/uploads\/arrete1-395x560.gif 395w\" sizes=\"auto, (max-width: 706px) 100vw, 706px\" \/><\/a><\/p>\n<p style=\"text-align: center;\">\n","protected":false},"excerpt":{"rendered":"<p>Arr\u00eat\u00e9\u00a0 N\u00b0 2340-26-00006 modifiant l&rsquo;arr\u00eat\u00e9 n\u00b02350-50-01025 modifi\u00e9 relatif \u00e0 l&rsquo;exercice de la chasse dans le d\u00e9partement de l&rsquo;Orne pour la campagne cyn\u00e9g\u00e9tique 2025\/2026 Arr\u00eat\u00e9 n\u00b02340-26-00006_AP_modif-ouverture_fermeture &nbsp; Arr\u00eat\u00e9 s\u00e9cheresse du 4 septembre 2025 N\u00b0 2350-25-00069 Arrete (partie 1) n\u00b0 2350-25-00069 arrete 2 (partie 2) n\u00b02350-25-00069 Arr\u00eat\u00e9 s\u00e9cheresse du 19 ao\u00fbt 2025N\u00b0 2350-25-00066 Arr\u00eat\u00e9 N\u00b02350-25-00066 Arr\u00eat\u00e9 s\u00e9cheresse &hellip; <\/p>\n<p><a class=\"more-link btn\" href=\"https:\/\/www.gace.fr\/?page_id=1480\">Lire la suite<\/a><\/p>\n","protected":false},"author":10,"featured_media":0,"parent":721,"menu_order":45,"comment_status":"closed","ping_status":"closed","template":"template-onecolumn.php","meta":{"footnotes":""},"class_list":["post-1480","page","type-page","status-publish","hentry","nodate","item-wrap"],"_links":{"self":[{"href":"https:\/\/www.gace.fr\/index.php?rest_route=\/wp\/v2\/pages\/1480","targetHints":{"allow":["GET"]}}],"collection":[{"href":"https:\/\/www.gace.fr\/index.php?rest_route=\/wp\/v2\/pages"}],"about":[{"href":"https:\/\/www.gace.fr\/index.php?rest_route=\/wp\/v2\/types\/page"}],"author":[{"embeddable":true,"href":"https:\/\/www.gace.fr\/index.php?rest_route=\/wp\/v2\/users\/10"}],"replies":[{"embeddable":true,"href":"https:\/\/www.gace.fr\/index.php?rest_route=%2Fwp%2Fv2%2Fcomments&post=1480"}],"version-history":[{"count":24,"href":"https:\/\/www.gace.fr\/index.php?rest_route=\/wp\/v2\/pages\/1480\/revisions"}],"predecessor-version":[{"id":11244,"href":"https:\/\/www.gace.fr\/index.php?rest_route=\/wp\/v2\/pages\/1480\/revisions\/11244"}],"up":[{"embeddable":true,"href":"https:\/\/www.gace.fr\/index.php?rest_route=\/wp\/v2\/pages\/721"}],"wp:attachment":[{"href":"https:\/\/www.gace.fr\/index.php?rest_route=%2Fwp%2Fv2%2Fmedia&parent=1480"}],"curies":[{"name":"wp","href":"https:\/\/api.w.org\/{rel}","templated":true}]}}