{"id":1487,"date":"2011-06-21T09:55:12","date_gmt":"2011-06-21T09:55:12","guid":{"rendered":"http:\/\/www.gace.fr\/?page_id=1487"},"modified":"2025-12-22T14:31:50","modified_gmt":"2025-12-22T14:31:50","slug":"sante","status":"publish","type":"page","link":"https:\/\/www.gace.fr\/?page_id=1487","title":{"rendered":"Sant\u00e9"},"content":{"rendered":"<p style=\"text-align: center;\"><span style=\"color: #800080; font-size: 18pt;\"><strong>LE P\u00d4LE DE SANT\u00c9 LIB\u00c9RAL AMBULATOIRE<\/strong><\/span><\/p>\n<p><strong>M\u00e9dico bus :<\/strong> 06-24-79-59-44, p\u00f4le sant\u00e9 de Gac\u00e9, tous les mercredi de 8h \u00e0 13h<\/p>\n<p><strong>M\u00e9decin solidaire :<\/strong> 06-24-79-59-44, pr\u00e9ciser m\u00e9decin solidaire lors de la prise de rendez-vous<\/p>\n<p style=\"text-align: center;\"><span style=\"color: #339966; font-size: 14pt;\"><strong>M\u00e9decins G\u00e9n\u00e9ralistes<\/strong><\/span><\/p>\n<table style=\"width: 100%; border-collapse: collapse;\">\n<tbody>\n<tr>\n<td style=\"width: 42.79%;\">Docteur Audrey LOOTVOET<\/td>\n<td style=\"width: 57.19%; text-align: center;\">02-33-67-58-74<\/td>\n<\/tr>\n<tr>\n<td style=\"width: 42.79%;\">Docteur Philippe HERN<\/td>\n<td style=\"width: 57.19%; text-align: center;\">02-33-67-59-29<\/td>\n<\/tr>\n<\/tbody>\n<\/table>\n<p style=\"text-align: center;\"><span style=\"color: #339966; font-size: 14pt;\"><strong>Cabinet Infirmier<\/strong><\/span><\/p>\n<table style=\"width: 100%; border-collapse: collapse;\">\n<tbody>\n<tr>\n<td style=\"width: 50%;\">Ga\u00eblle DE STOPPELEIRE<\/td>\n<td style=\"width: 50%; text-align: center;\" rowspan=\"5\">&nbsp;<\/p>\n<p>&nbsp;<\/p>\n<p>02-33-35-62-95<\/p>\n<p>&nbsp;<\/p>\n<p>&nbsp;<\/td>\n<\/tr>\n<tr>\n<td style=\"width: 50%;\">Nathalie LEPIGEON<\/td>\n<\/tr>\n<tr>\n<td style=\"width: 50%;\">Gwendoline BOCQUET<\/td>\n<\/tr>\n<tr>\n<td style=\"width: 50%;\">Ad\u00e9la\u00efde DELAFOSSE<\/td>\n<\/tr>\n<tr>\n<td style=\"width: 50%;\">La\u00ebtitia BLAIS-LEBLOND<\/td>\n<\/tr>\n<\/tbody>\n<\/table>\n<p style=\"text-align: center;\"><strong><span style=\"color: #339966; font-size: 14pt;\">Masseur Kin\u00e9sith\u00e9rapeute Ost\u00e9opathe<\/span><\/strong><\/p>\n<table style=\"width: 100%; border-collapse: collapse;\">\n<tbody>\n<tr>\n<td style=\"width: 50%;\">Isabelle JUBERT-PREEL<\/td>\n<td style=\"width: 50%; text-align: center;\" rowspan=\"4\">&nbsp;<\/p>\n<p>02-33-35-85-82<\/td>\n<\/tr>\n<tr>\n<td style=\"width: 50%;\">Jean-Maurice JUBERT<\/td>\n<\/tr>\n<tr>\n<td style=\"width: 50%;\">Christelle BARRE-CAMUS<\/td>\n<\/tr>\n<tr>\n<td style=\"width: 50%;\">Philippe MORTAIN<\/td>\n<\/tr>\n<\/tbody>\n<\/table>\n<p style=\"text-align: center;\"><span style=\"color: #339966; font-size: 14pt;\"><strong>Orthophoniste<\/strong><\/span><\/p>\n<table style=\"width: 100%; border-collapse: collapse;\">\n<tbody>\n<tr>\n<td style=\"width: 50%;\">Ga\u00eblle MARECHAL<\/td>\n<td style=\"width: 50%; text-align: center;\">06-65-30-16-14<\/td>\n<\/tr>\n<\/tbody>\n<\/table>\n<p style=\"text-align: center;\"><span style=\"color: #339966; font-size: 14pt;\"><strong>P\u00e9dicure-podologue<\/strong><\/span><\/p>\n<table style=\"width: 100%; border-collapse: collapse;\">\n<tbody>\n<tr>\n<td style=\"width: 50%;\">Mathilde POTTIER<\/td>\n<td style=\"width: 50%; text-align: center;\">02-33-39-08-13<\/td>\n<\/tr>\n<\/tbody>\n<\/table>\n<div id=\"tsuid_-FRJad-pI4OnkdUPl_vT0As_55\" class=\"w7Dbne\" data-record-click-time=\"false\" data-hveid=\"CCQQAA\">\n<div class=\"uMdZh tIxNaf rllt__borderless\">\n<div class=\"VkpGBb\">\n<div class=\"mTwRT zPW3Kc\" data-ignore=\"a[href]:not([href='#'])\">\n<div class=\"edsgs\">\n<div class=\"cXedhc\">\n<div class=\"vwVdIc vyFC0c\">\n<div>\n<div class=\"rllt__details\">\n<div style=\"text-align: center;\" role=\"heading\" aria-level=\"3\"><strong><span style=\"font-size: 14pt; color: #339966;\">Psychologues<\/span><\/strong><\/div>\n<div class=\"dbg0pd\" role=\"heading\" aria-level=\"3\"><span class=\"OSrXXb\">Gourlaou\u00ebn Sylvie<\/span><\/div>\n<div>Psychologue<\/div>\n<div>7 Pl. de la Lib\u00e9ration \u00b7 02 33 35 93 29<\/div>\n<div><\/div>\n<\/div>\n<\/div>\n<\/div>\n<\/div>\n<\/div>\n<\/div>\n<\/div>\n<\/div>\n<\/div>\n<div id=\"tsuid_-FRJad-pI4OnkdUPl_vT0As_56\" class=\"w7Dbne\" data-record-click-time=\"false\" data-hveid=\"CCcQAA\">\n<div class=\"uMdZh tIxNaf\">\n<div class=\"VkpGBb\">\n<div class=\"mTwRT zPW3Kc\" data-ignore=\"a[href]:not([href='#'])\">\n<div class=\"edsgs\">\n<div class=\"cXedhc\">\n<div class=\"vwVdIc vyFC0c\">\n<div class=\"rllt__details\">\n<div class=\"dbg0pd\" role=\"heading\" aria-level=\"3\"><span class=\"OSrXXb\">Sophie Dumain &#8211; Psychologue &#8211; Psychoth\u00e9rapeute &#8211;<\/span><\/div>\n<div>P\u00f4le de Sant\u00e9 de, 39 Rue de Rouen \u00b7 07 63 23 07 76<\/div>\n<div><\/div>\n<\/div>\n<\/div>\n<\/div>\n<\/div>\n<\/div>\n<\/div>\n<\/div>\n<\/div>\n<blockquote>\n<h3 style=\"text-align: center;\"><span style=\"color: #800080;\">INFO SANT\u00c9<\/span><\/h3>\n<h4 style=\"text-align: center;\"><span style=\"text-decoration: underline;\">Urgence M\u00e9dicale SAMU<\/span><br \/>\nT\u00e9l. 15<\/h4>\n<h4 style=\"text-align: center;\"><span style=\"text-decoration: underline;\">Appel d&rsquo;urgence Europ\u00e9en<\/span><br \/>\nT\u00e9l. 112<\/h4>\n<h4 style=\"text-align: center;\"><span style=\"text-decoration: underline;\">Centre anti-poison de Rouen <\/span><br \/>\nT\u00e9l. 02-35-88-44-00<\/h4>\n<h4 style=\"text-align: center;\"><span style=\"text-decoration: underline;\">Centre anti-poison de Rennes <\/span><br \/>\nT\u00e9l. 02-99-59-22-22<\/h4>\n<h4 style=\"text-align: center;\"><span style=\"text-decoration: underline;\">Drogue INFO SERVICE <\/span><br \/>\nT\u00e9l. 0800-231313<\/h4>\n<h4 style=\"text-align: center;\"><span style=\"text-decoration: underline;\">\u00c9coute Cannabis <\/span><br \/>\nT\u00e9l. 0811-912020<\/h4>\n<h4 style=\"text-align: center;\"><span style=\"text-decoration: underline;\">\u00c9coute Alcool <\/span><br \/>\nT\u00e9l. 0811-913030<\/h4>\n<h4 style=\"text-align: center;\"><span style=\"text-decoration: underline;\">Enfance Maltrait\u00e9e <\/span><br \/>\nT\u00e9l. 119<\/h4>\n<h2 style=\"text-align: center;\"><span style=\"color: #000000;\">\u00a0<\/span><\/h2>\n<h2 style=\"text-align: center;\"><strong><span style=\"color: #339966;\"><span style=\"text-decoration: underline;\">AMBULANCES<\/span> :<\/span><\/strong><\/h2>\n<p style=\"text-align: center;\"><span style=\"color: #000000;\"><strong>Ambulances Gac\u00e9ennes (Jacques Delort), rue du G\u00e9n\u00e9ral Leclerc<\/strong><\/span><br \/>\n<span style=\"color: #000000;\">T\u00e9l. : 02-33-35-54-92<\/span><\/p>\n<p style=\"text-align: center;\"><span style=\"color: #000000;\"><strong>Alliance Ambulances Bigot-Millet, SAS Tirard, rue de la Touques ou\u00a0place de\u00a0la\u00a0Lib\u00e9ration<\/strong><\/span><br \/>\n<span style=\"color: #000000;\">T\u00e9l. : 02-33-35-67-42<\/span><\/p>\n<h2 style=\"text-align: center;\"><strong><span style=\"color: #339966;\"><span style=\"text-decoration: underline;\">INFIRMI\u00c8RE<\/span> : <\/span><\/strong><\/h2>\n<p style=\"text-align: center;\"><strong><span style=\"color: #000000;\">Mme B\u00e9atrice BAFCOP, Benjamin TRUBERT <\/span><\/strong><\/p>\n<p style=\"text-align: center;\"><strong><span style=\"color: #000000;\">B\u00e2timent administratif, place de la Lib\u00e9ration<\/span><\/strong><\/p>\n<p style=\"text-align: center;\">T\u00e9l : 06-75-73-81-82<\/p>\n<p style=\"text-align: center;\"><span style=\"text-decoration: underline; font-size: 24pt;\"><strong><span style=\"color: #339966; text-decoration: underline;\">\u00a0PHARMACIE\u00a0 DE GAC\u00c9:<\/span><\/strong><\/span><\/p>\n<p style=\"text-align: center;\"><strong><span style=\"color: #000000;\">Mme Sandrine Vast et Mr Florian LE COSQUER<\/span><\/strong><\/p>\n<p style=\"text-align: center;\"><strong><span style=\"color: #000000;\"> Place de la Lib\u00e9ration<\/span><\/strong><br \/>\n<span style=\"color: #000000;\">T\u00e9l. : 02-33-35-52-16<\/span><\/p>\n<h2 style=\"text-align: center;\"><span style=\"text-decoration: underline;\"><strong><span style=\"color: #339966; text-decoration: underline;\">V\u00c9T\u00c9RINAIRE :<\/span><\/strong><\/span><\/h2>\n<p style=\"text-align: center;\"><span style=\"color: #000000;\"><strong>CLINIC VET , Chemin de la Cidrerie, route d&rsquo;Alen\u00e7on<\/strong><\/span><br \/>\n<span style=\"color: #000000;\">T\u00e9l. : 02-33-35-61-73<\/span><\/p>\n<p style=\"text-align: center;\"><span style=\"color: #000000;\"><strong>ANOVA, clinique \u00e9quine, rue de la Touques<\/strong><\/span><\/p>\n<p style=\"text-align: center;\"><span style=\"color: #000000;\">Docteur VALLET, Docteur PAILLE<\/span><\/p>\n<p style=\"text-align: center;\"><span style=\"color: #000000;\">02-50-74-93-08<\/span><\/p>\n<p>&nbsp;<\/p><\/blockquote>\n<h2 style=\"text-align: center;\"><strong><span style=\"color: #339966;\"><span style=\"text-decoration: underline;\">PSYCHOLOGUE CLINICIENNE-PSYCHANALYSTE<\/span> : <\/span><\/strong><\/h2>\n<p style=\"text-align: center;\"><strong><span style=\"color: #000000;\">Docteur en Psychologie Mme Sylvie Gourlaou\u00ebn-Couton, Place de la Lib\u00e9ration<\/span><\/strong><br \/>\n<span style=\"color: #000000;\">T\u00e9l. : 02-33-35-93-29<\/span><\/p>\n<h2 style=\"text-align: center;\"><strong><span style=\"color: #339966;\">\u00a0<span style=\"text-decoration: underline;\">FOYER DE VIE<\/span> :<\/span><\/strong><\/h2>\n<p style=\"text-align: center;\"><strong><span style=\"color: #000000;\">ANA\u00cfS &#8211; Mme Proust Isabelle, Rue de Cisai<\/span><\/strong><br \/>\n<span style=\"color: #000000;\">T\u00e9l. : 02-33-39-10-76<\/span><\/p>\n<h2 style=\"text-align: center;\"><strong><span style=\"color: #339966;\"><span style=\"text-decoration: underline;\">MAISON DE RETRAITE<\/span> :<\/span><\/strong><\/h2>\n<p style=\"text-align: center;\"><span style=\"color: #000000;\"><strong>SAINTE MARIE &#8211; Mme Delphine VILLON, Route de Rouen<\/strong><\/span><br \/>\n<span style=\"color: #000000;\">T\u00e9l. : 02-33-35-63-55<\/span><\/p>\n<p style=\"text-align: center;\">accueil@saintemarie.asso.fr<\/p>\n","protected":false},"excerpt":{"rendered":"<p>LE P\u00d4LE DE SANT\u00c9 LIB\u00c9RAL AMBULATOIRE M\u00e9dico bus : 06-24-79-59-44, p\u00f4le sant\u00e9 de Gac\u00e9, tous les mercredi de 8h \u00e0 13h M\u00e9decin solidaire : 06-24-79-59-44, pr\u00e9ciser m\u00e9decin solidaire lors de la prise de rendez-vous M\u00e9decins G\u00e9n\u00e9ralistes Docteur Audrey LOOTVOET 02-33-67-58-74 Docteur Philippe HERN 02-33-67-59-29 Cabinet Infirmier Ga\u00eblle DE STOPPELEIRE &nbsp; &nbsp; 02-33-35-62-95 &nbsp; &nbsp; Nathalie &hellip; <\/p>\n<p><a class=\"more-link btn\" href=\"https:\/\/www.gace.fr\/?page_id=1487\">Lire la suite<\/a><\/p>\n","protected":false},"author":10,"featured_media":0,"parent":792,"menu_order":2,"comment_status":"closed","ping_status":"closed","template":"template-onecolumn.php","meta":{"footnotes":""},"class_list":["post-1487","page","type-page","status-publish","hentry","nodate","item-wrap"],"_links":{"self":[{"href":"https:\/\/www.gace.fr\/index.php?rest_route=\/wp\/v2\/pages\/1487","targetHints":{"allow":["GET"]}}],"collection":[{"href":"https:\/\/www.gace.fr\/index.php?rest_route=\/wp\/v2\/pages"}],"about":[{"href":"https:\/\/www.gace.fr\/index.php?rest_route=\/wp\/v2\/types\/page"}],"author":[{"embeddable":true,"href":"https:\/\/www.gace.fr\/index.php?rest_route=\/wp\/v2\/users\/10"}],"replies":[{"embeddable":true,"href":"https:\/\/www.gace.fr\/index.php?rest_route=%2Fwp%2Fv2%2Fcomments&post=1487"}],"version-history":[{"count":32,"href":"https:\/\/www.gace.fr\/index.php?rest_route=\/wp\/v2\/pages\/1487\/revisions"}],"predecessor-version":[{"id":11206,"href":"https:\/\/www.gace.fr\/index.php?rest_route=\/wp\/v2\/pages\/1487\/revisions\/11206"}],"up":[{"embeddable":true,"href":"https:\/\/www.gace.fr\/index.php?rest_route=\/wp\/v2\/pages\/792"}],"wp:attachment":[{"href":"https:\/\/www.gace.fr\/index.php?rest_route=%2Fwp%2Fv2%2Fmedia&parent=1487"}],"curies":[{"name":"wp","href":"https:\/\/api.w.org\/{rel}","templated":true}]}}