{"id":2073,"date":"2012-01-25T13:44:49","date_gmt":"2012-01-25T13:44:49","guid":{"rendered":"http:\/\/www.gace.fr\/?page_id=2073"},"modified":"2025-10-09T07:01:34","modified_gmt":"2025-10-09T07:01:34","slug":"cinema-le-thaiti","status":"publish","type":"page","link":"https:\/\/www.gace.fr\/?page_id=2073","title":{"rendered":"Cin\u00e9ma \u00ab\u00a0le Tahiti\u00a0\u00bb"},"content":{"rendered":"<p style=\"text-align: center;\"><img loading=\"lazy\" decoding=\"async\" class=\"wp-image-8555\" src=\"https:\/\/www.gace.fr\/wp-content\/uploads\/Composition2-1-300x212.jpg\" alt=\"\" width=\"574\" height=\"406\" srcset=\"https:\/\/www.gace.fr\/wp-content\/uploads\/Composition2-1-300x212.jpg 300w, https:\/\/www.gace.fr\/wp-content\/uploads\/Composition2-1-560x396.jpg 560w, https:\/\/www.gace.fr\/wp-content\/uploads\/Composition2-1-768x543.jpg 768w, https:\/\/www.gace.fr\/wp-content\/uploads\/Composition2-1-1536x1086.jpg 1536w, https:\/\/www.gace.fr\/wp-content\/uploads\/Composition2-1-847x599.jpg 847w, https:\/\/www.gace.fr\/wp-content\/uploads\/Composition2-1.jpg 1754w\" sizes=\"auto, (max-width: 574px) 100vw, 574px\" \/><\/p>\n<p><img loading=\"lazy\" decoding=\"async\" class=\"aligncenter size-medium wp-image-7958\" src=\"https:\/\/www.gace.fr\/wp-content\/uploads\/db-7.1-300x83.jpg\" alt=\"\" width=\"300\" height=\"83\" srcset=\"https:\/\/www.gace.fr\/wp-content\/uploads\/db-7.1-300x83.jpg 300w, https:\/\/www.gace.fr\/wp-content\/uploads\/db-7.1-560x154.jpg 560w, https:\/\/www.gace.fr\/wp-content\/uploads\/db-7.1-768x212.jpg 768w, https:\/\/www.gace.fr\/wp-content\/uploads\/db-7.1.jpg 820w\" sizes=\"auto, (max-width: 300px) 100vw, 300px\" \/><\/p>\n<p style=\"text-align: center;\"><span class=\"sr-only\" style=\"background-color: #ffffff; display: inline !important;\"><a class=\"see-video d-block\" style=\"background-color: #ffffff;\" title=\"Voir la bande annonce\" href=\"https:\/\/www.ugc.fr\/film.html?id=15066#\" data-title=\"LA TOUR\" data-toggle=\"modal\" data-target=\"#modal-see-video-15066\"> la bande annonce<\/a><\/span><\/p>\n<div class=\"info-wrapper main\" style=\"text-align: center;\">\n<div class=\"group-info d-none d-md-block\">\n<p class=\"color--dark-blue\"><a class=\"see-video d-block\" style=\"background-color: #ffffff;\" title=\"Voir la bande annonce\" href=\"https:\/\/www.ugc.fr\/film.html?id=15044#\" data-title=\"SACREES MOMIES\" data-toggle=\"modal\" data-target=\"#modal-see-video-15044\"><span class=\"sr-only\" style=\"display: inline !important;\">Voir la bande annonce<\/span><\/a><\/p>\n<\/div>\n<\/div>\n<div class=\"info-wrapper main\" style=\"text-align: center;\">\n<h1 class=\"block--title color--dark-blue text-uppercase\"><a class=\"see-video d-block\" style=\"background-color: #ffffff; font-size: 16px;\" title=\"Voir la bande annonce\" href=\"https:\/\/www.ugc.fr\/film.html?id=2726#\" data-title=\"TITANIC\" data-toggle=\"modal\" data-target=\"#modal-see-video-2726\"><span class=\"sr-only\" style=\"display: inline !important;\">Voir la bande annonce<\/span><\/a><\/h1>\n<\/div>\n<div class=\"info-wrapper main\">\n<div class=\"group-info d-none d-md-block \" style=\"text-align: center;\">\n<p class=\"color--dark-blue\"><a class=\"see-video d-block\" style=\"background-color: #ffffff;\" title=\"Voir la bande annonce\" href=\"https:\/\/www.ugc.fr\/film.html?id=15035#\" data-title=\"LE GRAND CIRQUE\" data-toggle=\"modal\" data-target=\"#modal-see-video-15035\"><span class=\"sr-only\" style=\"display: inline !important;\">Voir la bande annonce<\/span><\/a><\/p>\n<\/div>\n<\/div>\n<div class=\"visu-wrapper\">\n<div class=\"img-wrapper position-relative\">\n<div class=\"overlay-info text-center\"><a class=\"see-video d-block\" title=\"Voir la bande annonce\" href=\"https:\/\/www.ugc.fr\/film.html?id=15019#\" data-title=\"A LA BELLE ETOILE\" data-toggle=\"modal\" data-target=\"#modal-see-video-15019\"><span class=\"sr-only\">ir la bande annonce<\/span><\/a><\/div>\n<\/div>\n<\/div>\n<div class=\"info-wrapper main\" style=\"text-align: center;\">\n<h1 class=\"block--title color--dark-blue text-uppercase\"><a class=\"see-video d-block\" style=\"background-color: #ffffff; font-size: 16px;\" title=\"Voir la bande annonce\" href=\"https:\/\/www.ugc.fr\/film.html?id=15026#\" data-title=\"THE FABELMANS\" data-toggle=\"modal\" data-target=\"#modal-see-video-15026\"><span class=\"sr-only\" style=\"display: inline !important;\">Voir la bande annonce<\/span><\/a><\/h1>\n<\/div>\n<div class=\"info-wrapper main\">\n<div class=\"group-info d-none d-md-block\" style=\"text-align: center;\">\n<p class=\"color--grey\"><a class=\"see-video d-block\" style=\"background-color: #ffffff;\" title=\"Voir la bande annonce\" href=\"https:\/\/www.ugc.fr\/film.html?id=15027#\" data-title=\"MON CRIME\" data-toggle=\"modal\" data-target=\"#modal-see-video-15027\"><span class=\"sr-only\" style=\"display: inline !important;\">Voir la bande annonce<\/span><\/a><\/p>\n<\/div>\n<\/div>\n<div class=\"info-wrapper main\" style=\"text-align: center;\"><a class=\"see-video d-block\" style=\"background-color: #ffffff;\" title=\"Voir la bande annonce\" href=\"https:\/\/www.ugc.fr\/film.html?id=15048#\" data-title=\"LES TROIS MOUSQUETAIRES: D'ARTAGNAN\" data-toggle=\"modal\" data-target=\"#modal-see-video-15048\"><span class=\"sr-only\" style=\"display: inline !important;\">nonce<\/span><\/a><\/div>\n<div class=\"visu-wrapper\">\n<div class=\"img-wrapper position-relative\">\n<div class=\"overlay-info text-center\"><span class=\"sr-only\"><a class=\"see-video d-block\" title=\"Voir la bande annonce\" href=\"https:\/\/www.ugc.fr\/film.html?id=15303#\" data-title=\"SPIDER-MAN ACROSS THE SPIDER-VERSE\" data-toggle=\"modal\" data-target=\"#modal-see-video-15303\"><br \/>\noir la bande annon<\/a><a class=\"see-video d-block\" style=\"background-color: #ffffff;\" title=\"Voir la bande annonce\" href=\"https:\/\/www.ugc.fr\/film.html?id=15276#\" data-title=\"L'ILE ROUGE\" data-toggle=\"modal\" data-target=\"#modal-see-video-15276\">Voir la bande annonce<\/a><\/span><\/div>\n<\/div>\n<\/div>\n<div class=\"visu-wrapper\" style=\"text-align: center;\">\n<div class=\"img-wrapper position-relative\">\n<div class=\"overlay-info text-center\"><a class=\"see-video d-block\" title=\"Voir la bande annonce\" href=\"https:\/\/www.ugc.fr\/film.html?id=15240#\" data-title=\"WAHOU\" data-toggle=\"modal\" data-target=\"#modal-see-video-15240\"><i class=\"icon-player-triangle d-block color--white\"><\/i><span class=\"sr-only\">Voir la bande annonce<\/span><\/a><\/div>\n<\/div>\n<\/div>\n<div class=\"visu-wrapper\">\n<div class=\"img-wrapper position-relative\">\n<div class=\"overlay-info text-center\"><span class=\"sr-only\"><a class=\"see-video d-block\" title=\"Voir la bande annonce\" href=\"https:\/\/www.ugc.fr\/film.html?id=15290#\" data-title=\"TRANSFORMERS: RISE OF THE BEASTS\" data-toggle=\"modal\" data-target=\"#modal-see-video-15290\">ir la bande annonce<\/a><\/span><\/div>\n<\/div>\n<\/div>\n<div class=\"visu-wrapper\" style=\"text-align: center;\">\n<div class=\"img-wrapper position-relative\">\n<div class=\"overlay-info text-center\"><span class=\"sr-only\"><a class=\"see-video d-block\" title=\"Voir la bande annonce\" href=\"https:\/\/www.ugc.fr\/film.html?id=15266#\" data-title=\"DERNIERE NUIT A MILAN\" data-toggle=\"modal\" data-target=\"#modal-see-video-15266\">Voir la bande annonce<\/a><\/span><\/div>\n<\/div>\n<\/div>\n<div class=\"info-wrapper main\">\n<div class=\"group-info d-none d-md-block \" style=\"text-align: center;\"><a class=\"see-video d-block\" style=\"background-color: #ffffff;\" title=\"Voir la bande annonce\" href=\"https:\/\/www.ugc.fr\/film.html?id=15329#\" data-title=\"BARBIE\" data-toggle=\"modal\" data-target=\"#modal-see-video-15329\"><span class=\"sr-only\" style=\"display: inline !important;\"> la bande annonce<\/span><\/a><\/div>\n<\/div>\n<div class=\"info-wrapper main\" style=\"text-align: center;\">\n<div class=\"group-info d-none d-md-block \"><a class=\"see-video d-block\" style=\"background-color: #ffffff;\" title=\"Voir la bande annonce\" href=\"https:\/\/www.ugc.fr\/film.html?id=15355#\" data-title=\"LE MANOIR HANT\u00c9\" data-toggle=\"modal\" data-target=\"#modal-see-video-15355\"><span class=\"sr-only\" style=\"display: inline !important;\">Voir la bande annonce<\/span><\/a><\/div>\n<\/div>\n<div class=\"info-wrapper main\" style=\"text-align: center;\"><a class=\"see-video d-block\" style=\"color: #800080;\" title=\"Voir la bande annonce\" href=\"https:\/\/www.ugc.fr\/film.html?id=15397#\" data-title=\"LES BLAGUES DE TOTO 2 - CLASSE VERTE\" data-toggle=\"modal\" data-target=\"#modal-see-video-15397\"><span class=\"sr-only\" style=\"display: inline !important;\">Voir la bande annonce<\/span><\/a><\/div>\n<div class=\"info-wrapper main\" style=\"text-align: center;\">\n<h1 class=\"block--title color--dark-blue text-uppercase\"><a class=\"see-video d-block\" style=\"background-color: #ffffff; font-size: 16px;\" title=\"Voir la bande annonce\" href=\"https:\/\/www.ugc.fr\/film.html?id=15396#\" data-title=\"EN EAUX TR\u00c8S TROUBLES\" data-toggle=\"modal\" data-target=\"#modal-see-video-15396\"><span class=\"sr-only\" style=\"display: inline !important;\">Voir la bande annonce<\/span><\/a><\/h1>\n<\/div>\n<div class=\"group-info d-none d-md-block \">\n<table style=\"border-collapse: collapse; width: 100%;\">\n<tbody>\n<tr>\n<td style=\"width: 100%;\"><\/td>\n<\/tr>\n<\/tbody>\n<\/table>\n<\/div>\n<div>\n<p style=\"text-align: center;\"><span style=\"font-size: 24pt; color: #0000ff;\"><strong>TARIF DE VOTRE CIN\u00c9MA\u00a0<\/strong><\/span><\/p>\n<p>Tarif enfants (- de 14 ans) : <strong>4\u20ac<\/strong><\/p>\n<p>Tarif r\u00e9duit ( sur pr\u00e9sentation de justificatif : -18 ans, + de 60 ans, personnes handicap\u00e9es, demandeur d&#8217;emploi, famille nombreuse) : <strong>5.50\u20ac<\/strong><\/p>\n<p>Plein tarif : <strong>6.50\u20ac<\/strong><\/p>\n<p>CE entreprise) :<strong> 5\u20ac<\/strong><\/p>\n<p>Cin\u00e9 des a\u00een\u00e9s (+60 ans) le 3\u00e8me mercredi du mois \u00e0 14h30 : <strong>4\u20ac<\/strong><\/p>\n<p>Abonnement\u00a0 (carte de 10 s\u00e9ances) : <strong>50\u20ac<\/strong><\/p>\n<p>Location lunettes 3D : <strong>1\u20ac<\/strong><\/p>\n<\/div>\n<div class=\"info-wrapper main\">\n<div class=\"group-info d-none d-md-block\" style=\"text-align: center;\">\n<table style=\"border-collapse: collapse; width: 100%;\">\n<tbody>\n<tr>\n<td style=\"width: 100%;\"><\/td>\n<\/tr>\n<\/tbody>\n<\/table>\n<\/div>\n<\/div>\n<div class=\"info-wrapper main\">\n<div class=\"group-info d-none d-md-block\" style=\"text-align: center;\">\n<div class=\"info-wrapper main\">\n<div class=\"group-info d-none d-md-block \" style=\"text-align: center;\">\n<h4><span style=\"color: #0000ff; font-family: 'arial black', sans-serif;\"><strong><span style=\"font-size: 24pt;\">VOTRE PROGRAMME CIN\u00c9MA<\/span><\/strong><\/span><\/h4>\n<h4><strong style=\"color: #ff00ff; font-size: 32px;\"><a style=\"background-color: #ffffff; color: #ff00ff;\" href=\"https:\/\/gaceletahiti.cine.boutique\/?tab=media\"><span style=\"font-family: helvetica, arial, sans-serif;\">LE TAHITI<\/span><span style=\"font-size: 14pt;\"><span style=\"font-family: helvetica, arial, sans-serif;\">\u00a0(<\/span><span style=\"color: #000080;\">cliquez-ici<\/span>)<\/span><\/a><\/strong><\/h4>\n<\/div>\n<\/div>\n<\/div>\n<\/div>\n<div class=\"info-wrapper main\">\n<div class=\"group-info d-none d-md-block\" style=\"text-align: center;\">\n<div class=\"info-wrapper main\">\n<div class=\"group-info d-none d-md-block \" style=\"text-align: center;\">\n<table style=\"border-collapse: collapse; width: 100%;\">\n<tbody>\n<tr>\n<td style=\"width: 100%;\"><\/td>\n<\/tr>\n<\/tbody>\n<\/table>\n<\/div>\n<\/div>\n<\/div>\n<\/div>\n","protected":false},"excerpt":{"rendered":"<p>la bande annonce Voir la bande annonce Voir la bande annonce Voir la bande annonce ir la bande annonce Voir la bande annonce Voir la bande annonce nonce oir la bande annonVoir la bande annonce Voir la bande annonce ir la bande annonce Voir la bande annonce la bande annonce Voir la bande annonce Voir &hellip; <\/p>\n<p><a class=\"more-link btn\" href=\"https:\/\/www.gace.fr\/?page_id=2073\">Lire la suite<\/a><\/p>\n","protected":false},"author":10,"featured_media":0,"parent":794,"menu_order":1,"comment_status":"closed","ping_status":"closed","template":"template-onecolumn.php","meta":{"footnotes":""},"class_list":["post-2073","page","type-page","status-publish","hentry","nodate","item-wrap"],"_links":{"self":[{"href":"https:\/\/www.gace.fr\/index.php?rest_route=\/wp\/v2\/pages\/2073","targetHints":{"allow":["GET"]}}],"collection":[{"href":"https:\/\/www.gace.fr\/index.php?rest_route=\/wp\/v2\/pages"}],"about":[{"href":"https:\/\/www.gace.fr\/index.php?rest_route=\/wp\/v2\/types\/page"}],"author":[{"embeddable":true,"href":"https:\/\/www.gace.fr\/index.php?rest_route=\/wp\/v2\/users\/10"}],"replies":[{"embeddable":true,"href":"https:\/\/www.gace.fr\/index.php?rest_route=%2Fwp%2Fv2%2Fcomments&post=2073"}],"version-history":[{"count":1440,"href":"https:\/\/www.gace.fr\/index.php?rest_route=\/wp\/v2\/pages\/2073\/revisions"}],"predecessor-version":[{"id":3435,"href":"https:\/\/www.gace.fr\/index.php?rest_route=\/wp\/v2\/pages\/2073\/revisions\/3435"}],"up":[{"embeddable":true,"href":"https:\/\/www.gace.fr\/index.php?rest_route=\/wp\/v2\/pages\/794"}],"wp:attachment":[{"href":"https:\/\/www.gace.fr\/index.php?rest_route=%2Fwp%2Fv2%2Fmedia&parent=2073"}],"curies":[{"name":"wp","href":"https:\/\/api.w.org\/{rel}","templated":true}]}}