{"id":259,"date":"2010-09-23T09:12:56","date_gmt":"2010-09-23T09:12:56","guid":{"rendered":"http:\/\/www.gace.fr\/?page_id=259"},"modified":"2021-07-02T14:52:08","modified_gmt":"2021-07-02T14:52:08","slug":"cdc-de-la-region-de-gace","status":"publish","type":"page","link":"https:\/\/www.gace.fr\/?page_id=259","title":{"rendered":"CDC des Vall\u00e9es d&rsquo;Auge et du Merlerault"},"content":{"rendered":"<h4 style=\"text-align: center;\"><img loading=\"lazy\" decoding=\"async\" class=\"size-medium wp-image-6129 alignleft\" src=\"https:\/\/www.gace.fr\/wp-content\/uploads\/cdc-vam-270x300.jpg\" alt=\"\" width=\"270\" height=\"300\" srcset=\"https:\/\/www.gace.fr\/wp-content\/uploads\/cdc-vam-270x300.jpg 270w, https:\/\/www.gace.fr\/wp-content\/uploads\/cdc-vam-504x560.jpg 504w, https:\/\/www.gace.fr\/wp-content\/uploads\/cdc-vam.jpg 594w\" sizes=\"auto, (max-width: 270px) 100vw, 270px\" \/><\/h4>\n<h1 style=\"text-align: center;\"><span class=\"note\"><b>LA COMMUNAUTE DE COMMUNES <\/b><\/span><\/h1>\n<h1 style=\"text-align: center;\"><span class=\"note\"><b>DES VALLEES D&rsquo;AUGE <\/b><\/span><span class=\"note\"><b>ET DU MERLERAULT<\/b> <\/span><\/h1>\n<h1 style=\"text-align: center;\"><span class=\"note\">regroupe 46 communes, dont Gac\u00e9, <\/span><\/h1>\n<h1 style=\"text-align: center;\"><span class=\"note\">situ\u00e9e au c\u0153ur du Pays d&rsquo;Auge Ornais, <\/span><\/h1>\n<h1 style=\"text-align: center;\"><span class=\"note\">travers\u00e9e par la Touques <\/span><span class=\"note\">et pr\u00e8s de 16 000 <\/span><\/h1>\n<h1 style=\"text-align: center;\"><span class=\"note\"><a href=\"https:\/\/www.cdcvam.fr\">https:\/\/www.cdcvam.fr<\/a><\/span><\/h1>\n<p>&nbsp;<\/p>\n<h3 style=\"text-align: center;\"><\/h3>\n<p>&nbsp;<\/p>\n","protected":false},"excerpt":{"rendered":"<p>LA COMMUNAUTE DE COMMUNES DES VALLEES D&rsquo;AUGE ET DU MERLERAULT regroupe 46 communes, dont Gac\u00e9, situ\u00e9e au c\u0153ur du Pays d&rsquo;Auge Ornais, travers\u00e9e par la Touques et pr\u00e8s de 16 000 https:\/\/www.cdcvam.fr &nbsp; &nbsp;<\/p>\n","protected":false},"author":2,"featured_media":0,"parent":120,"menu_order":5,"comment_status":"closed","ping_status":"closed","template":"template-onecolumn.php","meta":{"footnotes":""},"class_list":["post-259","page","type-page","status-publish","hentry","nodate","item-wrap"],"_links":{"self":[{"href":"https:\/\/www.gace.fr\/index.php?rest_route=\/wp\/v2\/pages\/259","targetHints":{"allow":["GET"]}}],"collection":[{"href":"https:\/\/www.gace.fr\/index.php?rest_route=\/wp\/v2\/pages"}],"about":[{"href":"https:\/\/www.gace.fr\/index.php?rest_route=\/wp\/v2\/types\/page"}],"author":[{"embeddable":true,"href":"https:\/\/www.gace.fr\/index.php?rest_route=\/wp\/v2\/users\/2"}],"replies":[{"embeddable":true,"href":"https:\/\/www.gace.fr\/index.php?rest_route=%2Fwp%2Fv2%2Fcomments&post=259"}],"version-history":[{"count":23,"href":"https:\/\/www.gace.fr\/index.php?rest_route=\/wp\/v2\/pages\/259\/revisions"}],"predecessor-version":[{"id":8036,"href":"https:\/\/www.gace.fr\/index.php?rest_route=\/wp\/v2\/pages\/259\/revisions\/8036"}],"up":[{"embeddable":true,"href":"https:\/\/www.gace.fr\/index.php?rest_route=\/wp\/v2\/pages\/120"}],"wp:attachment":[{"href":"https:\/\/www.gace.fr\/index.php?rest_route=%2Fwp%2Fv2%2Fmedia&parent=259"}],"curies":[{"name":"wp","href":"https:\/\/api.w.org\/{rel}","templated":true}]}}