{"id":605,"date":"2011-01-11T10:29:13","date_gmt":"2011-01-11T10:29:13","guid":{"rendered":"http:\/\/www.gace.fr\/?page_id=605"},"modified":"2025-03-04T09:36:20","modified_gmt":"2025-03-04T09:36:20","slug":"dechetterie-ordures-menageres","status":"publish","type":"page","link":"https:\/\/www.gace.fr\/?page_id=605","title":{"rendered":"D\u00e9chetterie, Ordures M\u00e9nag\u00e8res"},"content":{"rendered":"<p>&nbsp;<\/p>\n<blockquote>\n<p style=\"text-align: center;\"><strong><span style=\"text-decoration: underline;\">Depuis le 1er janvier 2021, les d\u00e9chetteries de Gac\u00e9, <\/span><\/strong><\/p>\n<p style=\"text-align: center;\"><strong><span style=\"text-decoration: underline;\">le Merlerault et Ste Gauburge sont g\u00e9r\u00e9es par :<\/span><\/strong><\/p>\n<p>&nbsp;<\/p>\n<p style=\"text-align: center;\"><strong><span style=\"font-size: 24pt; font-style: normal; color: #993366;\">La CDC des Vall\u00e9es d&rsquo;Auge et du Merlerault<\/span><\/strong><\/p>\n<p>&nbsp;<\/p><\/blockquote>\n<p><span style=\"font-size: 18pt;\"><a href=\"https:\/\/www.gace.fr\/wp-content\/uploads\/Guide-dechets-2021-CDC-Vam-3.pdf\"><u><span style=\"color: #0066cc;\">Guide d\u00e9chets 2021 CDC VAM (Cliquez ici)<\/span><\/u><\/a><\/span><\/p>\n<p>Email : service.dechets@cdc.vam<\/p>\n<p><strong>Service d\u00e9chets t\u00e9l\u00e9phone : 02.33.39.02.02\u00a0<\/strong><\/p>\n<p>Responsable Monsieur CHIESA Laurent<\/p>\n<p><strong><span style=\"text-decoration: underline;\">HORAIRE<\/span><\/strong>\u00a0:<\/p>\n<p>DU MARDI AU SAMEDI\u00a0 :\u00a0\u00a0\u00a0\u00a0\u00a0\u00a0\u00a0\u00a0\u00a0\u00a0 <strong>de 9 H \u00e0 12 H et de 14 H \u00e0 18 H\u00a0<\/strong><\/p>\n<p><span style=\"text-decoration: underline;\"><strong>ORDURES M\u00c9NAG\u00c8RES<\/strong><br \/>\n<\/span><\/p>\n<p>Collecte en tri s\u00e9lectif :<\/p>\n<p><span style=\"color: #3366ff;\">LUNDI\u00a0 (le matin) <\/span>:\u00a0 ramassage des d\u00e9chets m\u00e9nagers<\/p>\n<p><span style=\"color: #3366ff;\">MERCREDI (matin)<\/span> : ramassage des papiers \u2013 plastiques\u00a0 <strong>(sacs\u00a0 jaunes mis \u00e0 disposition \u00e0 la d\u00e9chetterie)<\/strong><\/p>\n<p><span style=\"color: #ff0000;\"><span style=\"text-decoration: underline;\">IMPORTANT<\/span> <\/span>: sortir les sacs la veille du ramassage apr\u00e8s 18h \u2013 ne pas encombrer les trottoirs (surtout le week-end) par des sacs poubelles peu esth\u00e9tiques.<\/p>\n<p><strong><span style=\"color: #ff0000;\"><em><span style=\"text-decoration: underline;\">La collecte des ordures m\u00e9nag\u00e8res sera d\u00e9cal\u00e9e pendant ces jours f\u00e9ri\u00e9s<\/span> : <\/em><\/span><\/strong><\/p>\n<p><strong><span style=\"color: #ff0000;\"><em>le 1er janvier &#8211; l<\/em><\/span><\/strong><strong><span style=\"color: #ff0000;\"><em>e 1er mai &#8211;\u00a0 <\/em><\/span><\/strong><strong><span style=\"color: #ff0000;\"><em>le 25 d\u00e9cembre<\/em><\/span><\/strong><\/p>\n<p><strong><span style=\"color: #ff0000;\"><em>\u00a0<\/em><\/span><\/strong><\/p>\n<p>&nbsp;<\/p>\n","protected":false},"excerpt":{"rendered":"<p>&nbsp; Depuis le 1er janvier 2021, les d\u00e9chetteries de Gac\u00e9, le Merlerault et Ste Gauburge sont g\u00e9r\u00e9es par : &nbsp; La CDC des Vall\u00e9es d&rsquo;Auge et du Merlerault &nbsp; Guide d\u00e9chets 2021 CDC VAM (Cliquez ici) Email : service.dechets@cdc.vam Service d\u00e9chets t\u00e9l\u00e9phone : 02.33.39.02.02\u00a0 Responsable Monsieur CHIESA Laurent HORAIRE\u00a0: DU MARDI AU SAMEDI\u00a0 :\u00a0\u00a0\u00a0\u00a0\u00a0\u00a0\u00a0\u00a0\u00a0\u00a0 de &hellip; <\/p>\n<p><a class=\"more-link btn\" href=\"https:\/\/www.gace.fr\/?page_id=605\">Lire la suite<\/a><\/p>\n","protected":false},"author":10,"featured_media":0,"parent":120,"menu_order":4,"comment_status":"closed","ping_status":"closed","template":"template-onecolumn.php","meta":{"footnotes":""},"class_list":["post-605","page","type-page","status-publish","hentry","nodate","item-wrap"],"_links":{"self":[{"href":"https:\/\/www.gace.fr\/index.php?rest_route=\/wp\/v2\/pages\/605","targetHints":{"allow":["GET"]}}],"collection":[{"href":"https:\/\/www.gace.fr\/index.php?rest_route=\/wp\/v2\/pages"}],"about":[{"href":"https:\/\/www.gace.fr\/index.php?rest_route=\/wp\/v2\/types\/page"}],"author":[{"embeddable":true,"href":"https:\/\/www.gace.fr\/index.php?rest_route=\/wp\/v2\/users\/10"}],"replies":[{"embeddable":true,"href":"https:\/\/www.gace.fr\/index.php?rest_route=%2Fwp%2Fv2%2Fcomments&post=605"}],"version-history":[{"count":28,"href":"https:\/\/www.gace.fr\/index.php?rest_route=\/wp\/v2\/pages\/605\/revisions"}],"predecessor-version":[{"id":10666,"href":"https:\/\/www.gace.fr\/index.php?rest_route=\/wp\/v2\/pages\/605\/revisions\/10666"}],"up":[{"embeddable":true,"href":"https:\/\/www.gace.fr\/index.php?rest_route=\/wp\/v2\/pages\/120"}],"wp:attachment":[{"href":"https:\/\/www.gace.fr\/index.php?rest_route=%2Fwp%2Fv2%2Fmedia&parent=605"}],"curies":[{"name":"wp","href":"https:\/\/api.w.org\/{rel}","templated":true}]}}