{"id":716,"date":"2011-02-22T11:11:48","date_gmt":"2011-02-22T11:11:48","guid":{"rendered":"http:\/\/www.gace.fr\/?page_id=716"},"modified":"2020-06-16T08:36:02","modified_gmt":"2020-06-16T08:36:02","slug":"accueil-2","status":"publish","type":"page","link":"https:\/\/www.gace.fr\/","title":{"rendered":"Accueil"},"content":{"rendered":"<h1 style=\"text-align: center;\"><strong><span style=\"color: #333399;\"><span style=\"color: #333399;\"><span style=\"color: #993366;\">Bienvenue \u00e0 la Mairie de Gac\u00e9<\/span><\/span><\/span><\/strong><\/h1>\n<h3 style=\"text-align: justify;\"><span style=\"color: #333399;\"><span style=\"color: #333399;\"><span style=\"color: #993366;\"><a href=\"https:\/\/www.gace.fr\/wp-content\/uploads\/DIAPORAMA-PAGE-ACCUEIL1.gif\"><img loading=\"lazy\" decoding=\"async\" class=\"alignleft size-full wp-image-1139\" title=\"DIAPORAMA PAGE ACCUEIL\" src=\"https:\/\/www.gace.fr\/wp-content\/uploads\/DIAPORAMA-PAGE-ACCUEIL1.gif\" alt=\"\" width=\"177\" height=\"152\" \/><\/a><\/span><\/span><\/span>Aux portes du Pays d\u2019Auge, la Ville de Gac\u00e9, agr\u00e9able petite cit\u00e9 normande de 1861 habitants, vous accueille au coeur d\u2019une r\u00e9gion forte de son tourisme, de son environnement, de ses productions et de son pass\u00e9.<\/h3>\n<h3 style=\"text-align: justify;\">Le Ch\u00e2teau, belle b\u00e2tisse des XII\u00e8me et XV\u00e9me si\u00e8cles, abrite aujourd&rsquo;hui la Mairie, les services de la Comm<img loading=\"lazy\" decoding=\"async\" class=\"alignright\" title=\"patrimoine chateau\" src=\"https:\/\/www.gace.fr\/wp-content\/uploads\/2010\/09\/patrimoine-chateau-225x300.jpg\" alt=\"\" width=\"246\" height=\"199\" \/>unaut\u00e9 de Communes de la r\u00e9gion de Gac\u00e9 et le Mus\u00e9e de \u00ab\u00a0La Dame aux Cam\u00e9lias\u00a0\u00bb.<\/h3>\n<h3 style=\"text-align: justify;\">Le Ch\u00e2teau, le Mus\u00e9e de la Dame aux Cam\u00e9lias, les animations culturelles, le centre socioculturel, le camping, l\u2019aire de camping-car, les h\u00f4tels-restaurants,<\/h3>\n<h3 style=\"text-align: justify;\">les g\u00eetes permettent aux touristes de d\u00e9couvrir, le temps d\u2019une \u00e9tape, les richesses et le cadre de vie de notre cit\u00e9 et de son canton.<\/h3>\n<table style=\"padding-left: 60px;\" border=\"0\" cellspacing=\"0\" cellpadding=\"0\">\n<tbody>\n<tr>\n<td valign=\"top\" width=\"307\">\n<p style=\"text-align: center;\"><img loading=\"lazy\" decoding=\"async\" class=\"alignnone size-full wp-image-112\" style=\"border: 0pt;\" src=\"https:\/\/www.gace.fr\/wp-content\/uploads\/2010\/09\/horaire1.gif\" alt=\"\" width=\"180\" height=\"50\" \/><\/p>\n<p>&nbsp;<\/td>\n<td valign=\"top\" width=\"307\">\n<p style=\"text-align: center;\"><img loading=\"lazy\" decoding=\"async\" style=\"border: 0pt;\" src=\"https:\/\/www.gace.fr\/wp-content\/uploads\/2010\/09\/adresse.gif\" alt=\"\" width=\"168\" height=\"51\" \/><\/p>\n<\/td>\n<\/tr>\n<tr>\n<td valign=\"top\" width=\"307\">\n<h4 style=\"text-align: center;\"><span style=\"color: #993366;\">Ouverture au Public<\/span><\/h4>\n<h4 style=\"text-align: center;\"><span style=\"color: #993366;\">\u00a0\u00a0\u00a0<\/span><span style=\"color: #993366;\">du lundi au vendredi\u00a0: <\/span><\/h4>\n<h4 style=\"text-align: center;\"><span style=\"color: #993366;\">\u00a0<\/span><span style=\"color: #993366;\">de 10h \u00e0 12h et de 14h \u00e0 17h<\/span><\/h4>\n<h4 style=\"text-align: center;\"><\/h4>\n<\/td>\n<td valign=\"top\" width=\"307\">\n<h4 style=\"text-align: center;\"><span style=\"color: #993366;\">Place du Ch\u00e2teau<\/span><\/h4>\n<h4 style=\"text-align: center;\"><span style=\"color: #993366;\">\u00a0<\/span><span style=\"color: #993366;\">\u00a0\u00a0\u00a061230 Gac\u00e9\u00a0<\/span><\/h4>\n<h4 style=\"text-align: center;\"><span style=\"color: #993366;\">\u00a0<\/span><span style=\"color: #993366;\">T\u00e9l.\u00a0: 02-33-35-50-24<\/span><\/h4>\n<h4 style=\"text-align: center;\"><span style=\"color: #993366;\">\u00a0<\/span><span style=\"color: #993366;\">Site\u00a0: www.gace.fr<\/span><\/h4>\n<\/td>\n<\/tr>\n<tr>\n<td colspan=\"2\" valign=\"top\" width=\"614\">\n<h4 style=\"text-align: center;\">Mail : <a href=\"mailto:ville.gace@wanadoo.fr\">ville.gace@wanadoo.fr<\/a><\/h4>\n<\/td>\n<\/tr>\n<\/tbody>\n<\/table>\n<div style=\"text-align: left;\">\n<h3 style=\"text-align: center;\"><strong>Dans toute commune, quelle que soit son importance, la mairie est tenue par la loi d&rsquo;assurer un certain nombre de services.<br \/>\n<\/strong><strong>Ces services obligatoires sont les suivants :<\/strong><\/h3>\n<table>\n<tbody>\n<tr>\n<td>\n<h3><strong>&#8211; l&rsquo;\u00e9tat-civil<br \/>\n<\/strong><strong>&#8211;\u00a0l&rsquo;organisation des \u00e9lections<br \/>\n<\/strong><strong>&#8211;\u00a0l&rsquo;aide sociale<br \/>\n<\/strong><strong>&#8211;\u00a0la s\u00e9curit\u00e9<\/strong><\/h3>\n<\/td>\n<td>\n<h3><strong><strong>&#8211; l&rsquo;entretien des trottoirs<br \/>\n<\/strong><\/strong><strong>&#8211; l&rsquo;entretien des espaces verts<br \/>\n<\/strong><strong>&#8211; la propret\u00e9 des voies <\/strong><strong>communales<\/strong><\/h3>\n<\/td>\n<\/tr>\n<\/tbody>\n<\/table>\n<p><strong>D&rsquo;autres services ne sont rendus aux administr\u00e9s que lorsque le Conseil Municipal en a d\u00e9cid\u00e9 ainsi, en fonction des besoins de la population. <\/strong><\/p>\n<\/div>\n","protected":false},"excerpt":{"rendered":"<p>Bienvenue \u00e0 la Mairie de Gac\u00e9 Aux portes du Pays d\u2019Auge, la Ville de Gac\u00e9, agr\u00e9able petite cit\u00e9 normande de 1861 habitants, vous accueille au coeur d\u2019une r\u00e9gion forte de son tourisme, de son environnement, de ses productions et de son pass\u00e9. Le Ch\u00e2teau, belle b\u00e2tisse des XII\u00e8me et XV\u00e9me si\u00e8cles, abrite aujourd&rsquo;hui la Mairie, &hellip; <\/p>\n<p><a class=\"more-link btn\" href=\"https:\/\/www.gace.fr\/\">Lire la suite<\/a><\/p>\n","protected":false},"author":10,"featured_media":0,"parent":0,"menu_order":10,"comment_status":"closed","ping_status":"closed","template":"","meta":{"footnotes":""},"class_list":["post-716","page","type-page","status-publish","hentry","nodate","item-wrap"],"_links":{"self":[{"href":"https:\/\/www.gace.fr\/index.php?rest_route=\/wp\/v2\/pages\/716","targetHints":{"allow":["GET"]}}],"collection":[{"href":"https:\/\/www.gace.fr\/index.php?rest_route=\/wp\/v2\/pages"}],"about":[{"href":"https:\/\/www.gace.fr\/index.php?rest_route=\/wp\/v2\/types\/page"}],"author":[{"embeddable":true,"href":"https:\/\/www.gace.fr\/index.php?rest_route=\/wp\/v2\/users\/10"}],"replies":[{"embeddable":true,"href":"https:\/\/www.gace.fr\/index.php?rest_route=%2Fwp%2Fv2%2Fcomments&post=716"}],"version-history":[{"count":45,"href":"https:\/\/www.gace.fr\/index.php?rest_route=\/wp\/v2\/pages\/716\/revisions"}],"predecessor-version":[{"id":7570,"href":"https:\/\/www.gace.fr\/index.php?rest_route=\/wp\/v2\/pages\/716\/revisions\/7570"}],"wp:attachment":[{"href":"https:\/\/www.gace.fr\/index.php?rest_route=%2Fwp%2Fv2%2Fmedia&parent=716"}],"curies":[{"name":"wp","href":"https:\/\/api.w.org\/{rel}","templated":true}]}}